k)?
11
Suppose -u - 124 = -3*y + 45, -y - u + 55 = 0. What are the prime factors of y?
2, 7
Let b(m) = 48*m - 10. List the prime factors of b(3).
2, 67
What are the prime factors of 11/44 - 14/(-8)?
2
Let h = -48 - -33. Let x = -5 - h. What are the prime factors of x?
2, 5
Suppose -26 = -4*z - 2*d, -5*z + 5*d - 5 = -0*d. Let a(g) = 7*g - 6. Let q be a(z). Let n = -15 + q. List the prime factors of n.
7
Suppose -4*p - 5*r + 93 = 0, -p + 20 = 2*r - 4. List the prime factors of p.
2, 11
Suppose 0 = 3*i + 3, 4*z - 252 = 3*i - 65. List the prime factors of z.
2, 23
Let g be (-7 - -4)/(6/(-4)). Suppose -5*l - 2*y - y = 15, 6 = -g*l + 3*y. List the prime factors of 1 - (-1 - l) - -8.
7
Let c be (-12)/90 + 141/45. Suppose y = 4*t + 15, -2*t + 20 = c*t. What are the prime factors of y?
31
Suppose -186 = -2*z - 44. Suppose 4*g - z - 69 = 0. List the prime factors of g.
5, 7
Let v(y) = y + 14. What are the prime factors of v(10)?
2, 3
Let p(a) = 16*a - 21. What are the prime factors of p(4)?
43
Let j be (12/(-10))/(18/(-960)). Suppose -4*b + 53 = 5*r, -5*b - 5*r - 4 = -j. What are the prime factors of b?
7
Suppose -2*g + 0*w + 3*w = -365, -932 = -5*g + w. List the prime factors of g.
11, 17
What are the prime factors of 4/((-8)/(-89))*2?
89
Let b(f) = f**3 + 9*f**2 + 4*f - 10. Let r be b(-7). Suppose -8*s + 4*s = -r. List the prime factors of s.
3, 5
Let a be (-1)/(-2 + 393/198). What are the prime factors of 260/22 - (-12)/a?
2, 3
Suppose 18*q - 10*q = 576. List the prime factors of q.
2, 3
Let r(u) = -4*u - 5. Let h be r(-2). Suppose h*q - 92 = -y, 5*q = -0*y - 4*y + 165. List the prime factors of q.
29
Suppose -4*i = -27 - 417. Suppose 4*q = i - 11. Let c = q + -15. List the prime factors of c.
2, 5
Let g = -7 - -5. Let y be (-3)/(-6) - g/(-4). Suppose -2*u + 24 = -y*u. List the prime factors of u.
2, 3
Let c(t) = -t**3 - 6*t**2 - 11*t - 5. What are the prime factors of c(-4)?
7
Let g = 13 - 8. Suppose q + 4*q = -3*n + 8, 5*n - 80 = g*q. List the prime factors of n.
11
Suppose 3*y + 2*y - 5 = 0. Let w be 1*-10 + -3 + y. What are the prime factors of (-160)/w + (-2)/(-3)?
2, 7
Let a = -64 + 91. What are the prime factors of a?
3
Let m = -15 + -3. Let d = m - -44. Let n = d - 17. List the prime factors of n.
3
Suppose -14 = -3*h + 4*o, -3*o + o = -5*h + 14. Let l(w) = 2*w. Let y be l(h). Suppose y*p + p = 10. What are the prime factors of p?
2
Let r(g) = g + g + 0*g - g + 9. Let y be r(-7). Suppose 0*j = -y*j + 40. What are the prime factors of j?
2, 5
Suppose -522 = -2*r - 3*g, -3*g + 1065 = 5*r - 231. List the prime factors of r.
2, 3, 43
Let l = -282 - -408. What are the prime factors of l?
2, 3, 7
Suppose y + 4 = 6. Suppose -y*b = -2 - 6. Suppose 0 = -2*l - 4*j + 4 + 16, -b*l = 2*j - 28. What are the prime factors of l?
2, 3
Let n(r) = -r**3 - 3*r**2 - r + 3. Let b = -2 - -10. Suppose 0 = -q - 4*p + 3*p - b, -25 = 5*p. List the prime factors of n(q).
2, 3
Let w(i) = -i**2 + 10*i + 8. Let u be w(10). Let y(m) = 2*m + 18. What are the prime factors of y(u)?
2, 17
Let k(r) = 4*r + 7. Suppose 3*g + 3 = 21. List the prime factors of k(g).
31
Suppose -196 = -4*j - 0*j. What are the prime factors of j?
7
Suppose -5*f + 3*g + 35 = -0*g, -f = -4*g - 24. What are the prime factors of f?
2
Let y = 52 - 26. What are the prime factors of y?
2, 13
Let l be (-1)/(-2)*2*3. Suppose 0*f - 2*u + 22 = 4*f, 4*f - 2*u = 18. Suppose -3*w - 20 = -4*a, -f = 2*a - l*a - w. What are the prime factors of a?
5
Let p(t) = 6*t**2 + 4*t + 4. Let w = 12 - 15. What are the prime factors of p(w)?
2, 23
Suppose -4*h + 177 = 5*v - 271, v = 2*h + 98. Let q be ((-3)/(-4))/(1/v). Suppose y = k + 6 - 29, -q = -3*k + 2*y. What are the prime factors of k?
23
Let p = 19 + -11. Let j = -4 + p. Suppose -j*g - a + 42 = -4, 5*a = -4*g + 38. What are the prime factors of g?
2, 3
Suppose 2*z - 2 - 2 = 0. Suppose z*l - 13 = l. What are the prime factors of l?
13
Let q(a) = -a**3 + 12*a**2 + 28*a - 29. List the prime factors of q(12).
307
List the prime factors of (-12)/(-8)*472/6.
2, 59
Let n(v) = -v**2 - 8*v - 6. Let z be n(-5). Suppose 0 = -7*o + z*o - 114. Suppose -2*u = u - o. List the prime factors of u.
19
Suppose -9 = -4*q + 203. List the prime factors of q.
53
Let r be (2 + -20)*(-2)/3. Suppose 2*y + 2*n = -2, 4*n + 0*n + r = 0. What are the prime factors of y?
2
Let n(y) = 6*y**2 - 4*y - 3. Let x(q) = 6*q**2 - 4*q - 2. Let t(i) = -5*n(i) + 6*x(i). List the prime factors of t(2).
19
Suppose 5*j - 5*k + 10 = 0, -4 = 2*j - 3*k + 5. Suppose j*d = 74 - 14. What are the prime factors of d?
2, 5
Let l(b) = b**3 + 6*b**2 + 3*b - 5. Let w(j) = j - 9. Let g be w(4). What are the prime factors of l(g)?
5
Suppose -i = -21 - 20. Suppose -3*j = -4 - i. Suppose -5*g = -j - 20. List the prime factors of g.
7
Let c be (-4)/6*45/10. List the prime factors of ((-14)/c)/((-7)/(-21)).
2, 7
Let q(o) = -2*o**3 + 4*o**2 - 2*o - 1. Let y be q(3). Let t = 37 + y. Suppose -z = -2*z + t. List the prime factors of z.
2, 3
Suppose -x = -3*x - 48. List the prime factors of 4/(x/51)*-2.
17
Suppose -3*g - 2*p = 30 - 3, -12 = 4*p. Let k = 4 - g. What are the prime factors of k?
11
Let u = -13 - -15. Suppose u*l - f - 2 = 3*f, l - 13 = -f. What are the prime factors of l?
3
Suppose 2*k - 20 = 5*t, 0*k + t + 4 = k. Let i(a) = -a**3 + a + 3. What are the prime factors of i(k)?
3
Suppose -16 + 68 = 2*k. List the prime factors of k.
2, 13
Suppose -5*r + 3*m + 68 = 0, -m + 2*m - 25 = -2*r. What are the prime factors of r?
13
Let u(p) = -p**2 + 9*p - 15. Let a be u(7). Let c(b) = -17*b**3 + b**2 + 2*b + 2. What are the prime factors of c(a)?
2, 3
What are the prime factors of (-18)/6*(-5)/3?
5
Suppose 0 = -4*l - u + 34, -25 - 9 = -5*l + 3*u. Let p be 2/8 - (-70)/l. Suppose -5*c + 6 = -p. What are the prime factors of c?
3
Let v be 2/(1/(-3) - -1). Suppose 4*t + 21 = v*p + 2*p, -p - 5*t = -10. Suppose y = 2*l + 23, p*y - 2*l = 3*l + 110. List the prime factors of y.
3, 7
Let k be ((-8)/6)/((-4)/6). Suppose k*p = -2*p + 48. List the prime factors of p.
2, 3
List the prime factors of -3 + 62 + 1 + -2.
2, 29
Suppose 32 = 2*a + 2*d, -2*a = -d - 7 - 22. What are the prime factors of a?
3, 5
Let c = -7 - -6. Let d(n) be the third derivative of -n**4/2 - n**3/6 - 2*n**2. What are the prime factors of d(c)?
11
Let a = -250 - -466. List the prime factors of a.
2, 3
Suppose -4*l + 2*s - 6*s = -632, -4*l = 3*s - 632. List the prime factors of l.
2, 79
Suppose -s = -3*s + 4. Suppose -3*g = s*g - 40. List the prime factors of g.
2
What are the prime factors of (-1 - -20)*(-3)/(-3)?
19
Let n(v) = v**3 - 18*v**2 + 9*v + 7. List the prime factors of n(18).
13
Let k be (-2)/7 - (-107)/7. Suppose 0 = 3*p - 5*p - 22. Let b = p + k. List the prime factors of b.
2
Let j be 36*(5/4 + 2). Suppose -4*o + 3*o = -4*y + j, -5*y + 4*o + 149 = 0. List the prime factors of y.
29
Let n = -5 - -7. What are the prime factors of n/(-6) - 26/(-6)?
2
Let m be -1*1 - (-9 + 4). Suppose 2*a - 11 - 41 = 5*o, m*o + a = -39. List the prime factors of 0 - 1 - (o + -3).
2, 3
Suppose -3*h - 2*r - 3*r = -208, 0 = 4*h - r - 308. What are the prime factors of h?
2, 19
Let o = -82 + 120. List the prime factors of o.
2, 19
Let m(n) = 72*n - 2. List the prime factors of m(2).
2, 71
Suppose f - 2*x - 343 = -2*f, 5*f = x + 581. What are the prime factors of f?
3, 13
Let r(l) = 4*l - 3. Let n be r(-5). Let f = n - -35. List the prime factors of f.
2, 3
Suppose -2*r = -5*y + 2*r + 350, -173 = -2*y - 5*r. What are the prime factors of y?
2, 37
Let s(n) = -n**2 + 9*n. Let w be s(6). Let p be w/(-27)*(-73 + 1). Suppose p = -0*x + 4*x. What are the prime factors of x?
2, 3
Suppose 2*f + 2*q - 3*q - 4 = 0, -16 = -f + 4*q. Let l = 4 - f. Let o = 15 - l. List the prime factors of o.
11
Let c(z) = z - 3. Let j be c(7). Let s be (j/(-8))/((-1)/(-576)). What are the prime factors of s/(-28) - (-2)/(-7)?
2, 5
Let y be 2 + 38/(2 - 1). Suppose -5*p + y = -85. Suppose -4*c - c = -p. What are the prime factors of c?
5
Let i(q) = -q + 2. Let k be i(2). Suppose -h + 4*t = -17, 4*h + 0*h - 5*t - 35 = k. Suppose -v = v + 4*s - 6, 20 = -h*s. List the prime factors of v.
11
Let p(n) = -n + 5. Suppose w - 2*m = -2*w - 30, -3*w - 3*m - 45 = 0. What are the prime factors of p(w)?
17
Let j = 13 + -5. Let 